{"id":976,"date":"2013-09-25T12:02:57","date_gmt":"2013-09-25T10:02:57","guid":{"rendered":"http:\/\/www.magicland-theatre.com\/wordpress\/?page_id=976"},"modified":"2016-06-24T18:23:13","modified_gmt":"2016-06-24T16:23:13","slug":"bruce-ellison","status":"publish","type":"page","link":"https:\/\/www.magicland-theatre.com\/wordpress\/bruce-ellison\/","title":{"rendered":"Bruce Ellison"},"content":{"rendered":"<p>[et_pb_section admin_label=\u00a0\u00bbsection\u00a0\u00bb][et_pb_row admin_label=\u00a0\u00bbrow\u00a0\u00bb][et_pb_column type=\u00a0\u00bb4_4&Prime;][et_pb_text admin_label=\u00a0\u00bbTexte\u00a0\u00bb background_layout=\u00a0\u00bblight\u00a0\u00bb text_orientation=\u00a0\u00bbleft\u00a0\u00bb use_border_color=\u00a0\u00bboff\u00a0\u00bb border_color=\u00a0\u00bb#ffffff\u00a0\u00bb border_style=\u00a0\u00bbsolid\u00a0\u00bb]<\/p>\n<h2>Bruce Ellison<\/h2>\n<p>Vous connaissez peut-\u00eatre Bruce ELLISON sans le savoir- Artiste pluridisciplinaire &#8211; n\u00e9 au Etats Unis , form\u00e9 \u00e0 l\u2019\u00e9cole internationale du \u00ab MIME MARCEAU \u00bb, vous l&rsquo;avez certainement vu en tant que com\u00e9dien dans diverses publicit\u00e9s ou t\u00e9l\u00e9films, \u00e9galement au th\u00e9\u00e2tre dans \u00ab\u00a0BADGAG CAF\u00c9\u00a0\u00bb, \u00ab\u00a0LADIES NIGHT\u00a0\u00bb,\u00a0ou \u00ab\u00a0L\u2019ETRANGE MR KNIGHT\u00a0\u00bb &#8211; son spectacle du Mime qui a connu un succ\u00e8s extraordinaire et une tourn\u00e9e mondial durant 5 ans, vous l&rsquo;aurez peut-\u00eatre aussi remarqu\u00e9 comme chanteur d\u00e9jant\u00e9 de \u00ab\u00a0PPZ30\u00a0\u00bb, ou comme jazzy crooner du \u00ab\u00a0Swell Rhythm Combo\u00a0\u00bb, sans oublier au grand \u00e9cran, il pr\u00eate sa voix au personnage d&rsquo;INDIEN, dans la s\u00e9rie d&rsquo;animation et le film, \u00ab\u00a0PANIQUE AU VILLAGE\u00a0\u00bb, et plus r\u00e9cemment une apparition remarqu\u00e9e dans \u00ab Kill Me, please \u00bb ;<br \/>\nmais surtout, Bruce est quelqu&rsquo;un qui d\u00e9borde d&rsquo;\u00e9nergie et qui met tout \u00e7a au service de l&rsquo;expression. En ce sens, il est un mime exceptionnel qui vit bien sa passion pour la sc\u00e8ne &#8211; et qu&rsquo;il f\u00eate \u00e0 chaque opportunit\u00e9. Il int\u00e8gre la compagnie du Magic Land Th\u00e9\u00e2tre pour la premi\u00e8re fois dans le spectacle \u00ab\u00a0L\u2019Enjeu\u00a0\u00bb\u00a0; il jouera \u00e9galement dans \u00ab\u00a0Badgag Caf\u00e9\u00a0\u00bb,\u00ab\u00a0L\u2019Oracle de Delphes\u00a0\u00bb, \u00ab\u00a0Spartakis\u00a0\u00bb, il est aussi un de nos com\u00e9dies f\u00e9tiches dans les parades et animations de rues de la compagnie.<\/p>\n<p>[\/et_pb_text][et_pb_gallery admin_label=\u00a0\u00bbGalerie\u00a0\u00bb gallery_ids=\u00a0\u00bb2256,814,807,805,779,776,675&Prime; fullwidth=\u00a0\u00bbon\u00a0\u00bb show_title_and_caption=\u00a0\u00bbon\u00a0\u00bb show_pagination=\u00a0\u00bbon\u00a0\u00bb background_layout=\u00a0\u00bblight\u00a0\u00bb auto=\u00a0\u00bboff\u00a0\u00bb hover_overlay_color=\u00a0\u00bbrgba(255,255,255,0.9)\u00a0\u00bb caption_all_caps=\u00a0\u00bboff\u00a0\u00bb use_border_color=\u00a0\u00bboff\u00a0\u00bb border_color=\u00a0\u00bb#ffffff\u00a0\u00bb border_style=\u00a0\u00bbsolid\u00a0\u00bb] [\/et_pb_gallery][\/et_pb_column][\/et_pb_row][\/et_pb_section]<\/p>\n","protected":false},"excerpt":{"rendered":"<p>Bruce Ellison Vous connaissez peut-\u00eatre Bruce ELLISON sans le savoir- Artiste pluridisciplinaire &#8211; n\u00e9 au Etats Unis , form\u00e9 \u00e0 l\u2019\u00e9cole internationale du \u00ab MIME MARCEAU \u00bb, vous l&rsquo;avez certainement [&hellip;]<\/p>\n","protected":false},"author":2,"featured_media":0,"parent":0,"menu_order":0,"comment_status":"closed","ping_status":"open","template":"","meta":{"_et_pb_use_builder":"on","_et_pb_old_content":"<p>\u00a0<\/p><p>Vous connaissez peut-\u00eatre Bruce ELLISON sans le savoir- Artiste pluridisciplinaire - n\u00e9 au Etats Unis , form\u00e9 \u00e0 l\u2019\u00e9cole internationale du \u00ab MIME MARCEAU \u00bb, vous l'avez certainement vu en tant que com\u00e9dien dans diverses publicit\u00e9s ou t\u00e9l\u00e9films, \u00e9galement au th\u00e9\u00e2tre dans \"BADGAG CAF\u00c9\", \"LADIES NIGHT\",\u00a0ou \"L\u2019ETRANGE MR KNIGHT\" - son spectacle du Mime qui a connu un succ\u00e8s extraordinaire et une tourn\u00e9e mondial durant 5 ans, vous l'aurez peut-\u00eatre aussi remarqu\u00e9 comme chanteur d\u00e9jant\u00e9 de \"PPZ30\", ou comme jazzy crooner du \"Swell Rhythm Combo\", sans oublier au grand \u00e9cran, il pr\u00eate sa voix au personnage d'INDIEN, dans la s\u00e9rie d'animation et le film, \"PANIQUE AU VILLAGE\", et plus r\u00e9cemment une apparition remarqu\u00e9e dans \u00ab Kill Me, please \u00bb ;<br \/> mais surtout, Bruce est quelqu'un qui d\u00e9borde d'\u00e9nergie et qui met tout \u00e7a au service de l'expression. En ce sens, il est un mime exceptionnel qui vit bien sa passion pour la sc\u00e8ne - et qu'il f\u00eate \u00e0 chaque opportunit\u00e9. IL int\u00e8gre la compagnie du Magic Land Th\u00e9\u00e2tre pour la premi\u00e8re fois dans le spectacle \u00ab\u00a0L\u2019Enjeu\u00a0\u00bb\u00a0; il jouera \u00e9galement dans \u00ab\u00a0Badgag Caf\u00e9\u00a0\u00bb et \u00ab\u00a0L\u2019Oracle de Delphes\u00a0\u00bb, il est aussi un de nos com\u00e9dies f\u00e9tiches dans les parades et animations de rues de la compagnie.<\/p><p>[gallery columns=\"6\" ids=\"814,807,805,776,675,608\"]<\/p>","_et_gb_content_width":"","footnotes":""},"class_list":["post-976","page","type-page","status-publish","hentry"],"yoast_head":"<!-- This site is optimized with the Yoast SEO plugin v26.6 - https:\/\/yoast.com\/wordpress\/plugins\/seo\/ -->\n<title>Bruce Ellison<\/title>\n<meta name=\"robots\" content=\"index, follow, max-snippet:-1, max-image-preview:large, max-video-preview:-1\" \/>\n<link rel=\"canonical\" href=\"https:\/\/www.magicland-theatre.com\/wordpress\/bruce-ellison\/\" \/>\n<meta property=\"og:locale\" content=\"fr_FR\" \/>\n<meta property=\"og:type\" content=\"article\" \/>\n<meta property=\"og:title\" content=\"Bruce Ellison\" \/>\n<meta property=\"og:url\" content=\"https:\/\/www.magicland-theatre.com\/wordpress\/bruce-ellison\/\" \/>\n<meta property=\"og:site_name\" content=\"Le Magic Land Th\u00e9\u00e2tre\" \/>\n<meta property=\"article:publisher\" content=\"https:\/\/www.facebook.com\/magicland.mlt\/\" \/>\n<meta property=\"article:modified_time\" content=\"2016-06-24T16:23:13+00:00\" \/>\n<meta property=\"og:image\" content=\"https:\/\/www.magicland-theatre.com\/wordpress\/wp-content\/uploads\/2013\/05\/logo-debout.jpg\" \/>\n\t<meta property=\"og:image:width\" content=\"591\" \/>\n\t<meta property=\"og:image:height\" content=\"843\" \/>\n\t<meta property=\"og:image:type\" content=\"image\/jpeg\" \/>\n<meta name=\"twitter:card\" content=\"summary_large_image\" \/>\n<meta name=\"twitter:site\" content=\"@MagicLandMlt\" \/>\n<meta name=\"twitter:label1\" content=\"Dur\u00e9e de lecture estim\u00e9e\" \/>\n\t<meta name=\"twitter:data1\" content=\"2 minutes\" \/>\n<script type=\"application\/ld+json\" class=\"yoast-schema-graph\">{\"@context\":\"https:\/\/schema.org\",\"@graph\":[{\"@type\":\"WebPage\",\"@id\":\"https:\/\/www.magicland-theatre.com\/wordpress\/bruce-ellison\/\",\"url\":\"https:\/\/www.magicland-theatre.com\/wordpress\/bruce-ellison\/\",\"name\":\"Bruce Ellison\",\"isPartOf\":{\"@id\":\"https:\/\/www.magicland-theatre.com\/wordpress\/#website\"},\"datePublished\":\"2013-09-25T10:02:57+00:00\",\"dateModified\":\"2016-06-24T16:23:13+00:00\",\"breadcrumb\":{\"@id\":\"https:\/\/www.magicland-theatre.com\/wordpress\/bruce-ellison\/#breadcrumb\"},\"inLanguage\":\"fr-FR\",\"potentialAction\":[{\"@type\":\"ReadAction\",\"target\":[\"https:\/\/www.magicland-theatre.com\/wordpress\/bruce-ellison\/\"]}]},{\"@type\":\"BreadcrumbList\",\"@id\":\"https:\/\/www.magicland-theatre.com\/wordpress\/bruce-ellison\/#breadcrumb\",\"itemListElement\":[{\"@type\":\"ListItem\",\"position\":1,\"name\":\"Homepage\",\"item\":\"https:\/\/www.magicland-theatre.com\/wordpress\/\"},{\"@type\":\"ListItem\",\"position\":2,\"name\":\"Bruce Ellison\"}]},{\"@type\":\"WebSite\",\"@id\":\"https:\/\/www.magicland-theatre.com\/wordpress\/#website\",\"url\":\"https:\/\/www.magicland-theatre.com\/wordpress\/\",\"name\":\"Le Magic Land Th\u00e9\u00e2tre\",\"description\":\"Une seule devise : le rire !\",\"publisher\":{\"@id\":\"https:\/\/www.magicland-theatre.com\/wordpress\/#organization\"},\"potentialAction\":[{\"@type\":\"SearchAction\",\"target\":{\"@type\":\"EntryPoint\",\"urlTemplate\":\"https:\/\/www.magicland-theatre.com\/wordpress\/?s={search_term_string}\"},\"query-input\":{\"@type\":\"PropertyValueSpecification\",\"valueRequired\":true,\"valueName\":\"search_term_string\"}}],\"inLanguage\":\"fr-FR\"},{\"@type\":\"Organization\",\"@id\":\"https:\/\/www.magicland-theatre.com\/wordpress\/#organization\",\"name\":\"Le Magic Land Th\u00e9\u00e2tre\",\"url\":\"https:\/\/www.magicland-theatre.com\/wordpress\/\",\"logo\":{\"@type\":\"ImageObject\",\"inLanguage\":\"fr-FR\",\"@id\":\"https:\/\/www.magicland-theatre.com\/wordpress\/#\/schema\/logo\/image\/\",\"url\":\"https:\/\/www.magicland-theatre.com\/wordpress\/wp-content\/uploads\/2013\/05\/logo-debout.jpg\",\"contentUrl\":\"https:\/\/www.magicland-theatre.com\/wordpress\/wp-content\/uploads\/2013\/05\/logo-debout.jpg\",\"width\":591,\"height\":843,\"caption\":\"Le Magic Land Th\u00e9\u00e2tre\"},\"image\":{\"@id\":\"https:\/\/www.magicland-theatre.com\/wordpress\/#\/schema\/logo\/image\/\"},\"sameAs\":[\"https:\/\/www.facebook.com\/magicland.mlt\/\",\"https:\/\/x.com\/MagicLandMlt\",\"https:\/\/www.instagram.com\/magiclandtheatre\/\",\"https:\/\/www.linkedin.com\/in\/magic-land-thtre-35a04a6a?trk=hp-identity-name\",\"https:\/\/www.youtube.com\/channel\/UCh1EgBwX4wwlnXsK4xQXBEw\"]}]}<\/script>\n<!-- \/ Yoast SEO plugin. -->","yoast_head_json":{"title":"Bruce Ellison","robots":{"index":"index","follow":"follow","max-snippet":"max-snippet:-1","max-image-preview":"max-image-preview:large","max-video-preview":"max-video-preview:-1"},"canonical":"https:\/\/www.magicland-theatre.com\/wordpress\/bruce-ellison\/","og_locale":"fr_FR","og_type":"article","og_title":"Bruce Ellison","og_url":"https:\/\/www.magicland-theatre.com\/wordpress\/bruce-ellison\/","og_site_name":"Le Magic Land Th\u00e9\u00e2tre","article_publisher":"https:\/\/www.facebook.com\/magicland.mlt\/","article_modified_time":"2016-06-24T16:23:13+00:00","og_image":[{"width":591,"height":843,"url":"https:\/\/www.magicland-theatre.com\/wordpress\/wp-content\/uploads\/2013\/05\/logo-debout.jpg","type":"image\/jpeg"}],"twitter_card":"summary_large_image","twitter_site":"@MagicLandMlt","twitter_misc":{"Dur\u00e9e de lecture estim\u00e9e":"2 minutes"},"schema":{"@context":"https:\/\/schema.org","@graph":[{"@type":"WebPage","@id":"https:\/\/www.magicland-theatre.com\/wordpress\/bruce-ellison\/","url":"https:\/\/www.magicland-theatre.com\/wordpress\/bruce-ellison\/","name":"Bruce Ellison","isPartOf":{"@id":"https:\/\/www.magicland-theatre.com\/wordpress\/#website"},"datePublished":"2013-09-25T10:02:57+00:00","dateModified":"2016-06-24T16:23:13+00:00","breadcrumb":{"@id":"https:\/\/www.magicland-theatre.com\/wordpress\/bruce-ellison\/#breadcrumb"},"inLanguage":"fr-FR","potentialAction":[{"@type":"ReadAction","target":["https:\/\/www.magicland-theatre.com\/wordpress\/bruce-ellison\/"]}]},{"@type":"BreadcrumbList","@id":"https:\/\/www.magicland-theatre.com\/wordpress\/bruce-ellison\/#breadcrumb","itemListElement":[{"@type":"ListItem","position":1,"name":"Homepage","item":"https:\/\/www.magicland-theatre.com\/wordpress\/"},{"@type":"ListItem","position":2,"name":"Bruce Ellison"}]},{"@type":"WebSite","@id":"https:\/\/www.magicland-theatre.com\/wordpress\/#website","url":"https:\/\/www.magicland-theatre.com\/wordpress\/","name":"Le Magic Land Th\u00e9\u00e2tre","description":"Une seule devise : le rire !","publisher":{"@id":"https:\/\/www.magicland-theatre.com\/wordpress\/#organization"},"potentialAction":[{"@type":"SearchAction","target":{"@type":"EntryPoint","urlTemplate":"https:\/\/www.magicland-theatre.com\/wordpress\/?s={search_term_string}"},"query-input":{"@type":"PropertyValueSpecification","valueRequired":true,"valueName":"search_term_string"}}],"inLanguage":"fr-FR"},{"@type":"Organization","@id":"https:\/\/www.magicland-theatre.com\/wordpress\/#organization","name":"Le Magic Land Th\u00e9\u00e2tre","url":"https:\/\/www.magicland-theatre.com\/wordpress\/","logo":{"@type":"ImageObject","inLanguage":"fr-FR","@id":"https:\/\/www.magicland-theatre.com\/wordpress\/#\/schema\/logo\/image\/","url":"https:\/\/www.magicland-theatre.com\/wordpress\/wp-content\/uploads\/2013\/05\/logo-debout.jpg","contentUrl":"https:\/\/www.magicland-theatre.com\/wordpress\/wp-content\/uploads\/2013\/05\/logo-debout.jpg","width":591,"height":843,"caption":"Le Magic Land Th\u00e9\u00e2tre"},"image":{"@id":"https:\/\/www.magicland-theatre.com\/wordpress\/#\/schema\/logo\/image\/"},"sameAs":["https:\/\/www.facebook.com\/magicland.mlt\/","https:\/\/x.com\/MagicLandMlt","https:\/\/www.instagram.com\/magiclandtheatre\/","https:\/\/www.linkedin.com\/in\/magic-land-thtre-35a04a6a?trk=hp-identity-name","https:\/\/www.youtube.com\/channel\/UCh1EgBwX4wwlnXsK4xQXBEw"]}]}},"_links":{"self":[{"href":"https:\/\/www.magicland-theatre.com\/wordpress\/wp-json\/wp\/v2\/pages\/976","targetHints":{"allow":["GET"]}}],"collection":[{"href":"https:\/\/www.magicland-theatre.com\/wordpress\/wp-json\/wp\/v2\/pages"}],"about":[{"href":"https:\/\/www.magicland-theatre.com\/wordpress\/wp-json\/wp\/v2\/types\/page"}],"author":[{"embeddable":true,"href":"https:\/\/www.magicland-theatre.com\/wordpress\/wp-json\/wp\/v2\/users\/2"}],"replies":[{"embeddable":true,"href":"https:\/\/www.magicland-theatre.com\/wordpress\/wp-json\/wp\/v2\/comments?post=976"}],"version-history":[{"count":4,"href":"https:\/\/www.magicland-theatre.com\/wordpress\/wp-json\/wp\/v2\/pages\/976\/revisions"}],"predecessor-version":[{"id":3211,"href":"https:\/\/www.magicland-theatre.com\/wordpress\/wp-json\/wp\/v2\/pages\/976\/revisions\/3211"}],"wp:attachment":[{"href":"https:\/\/www.magicland-theatre.com\/wordpress\/wp-json\/wp\/v2\/media?parent=976"}],"curies":[{"name":"wp","href":"https:\/\/api.w.org\/{rel}","templated":true}]}}