{"id":2406,"date":"2016-05-03T20:45:36","date_gmt":"2016-05-03T18:45:36","guid":{"rendered":"http:\/\/www.magicland-theatre.com\/wordpress\/?page_id=2406"},"modified":"2016-06-20T18:35:23","modified_gmt":"2016-06-20T16:35:23","slug":"alain-perpete","status":"publish","type":"page","link":"https:\/\/www.magicland-theatre.com\/wordpress\/alain-perpete\/","title":{"rendered":"Alain Perp\u00e8te"},"content":{"rendered":"<p>[et_pb_section admin_label=\u00a0\u00bbsection\u00a0\u00bb][et_pb_row admin_label=\u00a0\u00bbrow\u00a0\u00bb][et_pb_column type=\u00a0\u00bb4_4&Prime;][et_pb_text admin_label=\u00a0\u00bbTexte\u00a0\u00bb background_layout=\u00a0\u00bblight\u00a0\u00bb text_orientation=\u00a0\u00bbleft\u00a0\u00bb use_border_color=\u00a0\u00bboff\u00a0\u00bb border_color=\u00a0\u00bb#ffffff\u00a0\u00bb border_style=\u00a0\u00bbsolid\u00a0\u00bb]<\/p>\n<h2>Alain Perp\u00e8te<\/h2>\n<p><strong>Alain Perp\u00e8te<\/strong> est n\u00e9 \u00e0 Bruxelles le 27\/12\/55, il est acteur, marionnettiste, auteur et plasticien.<\/p>\n<p>Dans le film\u00a0<strong>L&rsquo;enqu\u00eate<\/strong>, de <strong>Vincent Garenq<\/strong> (r\u00e9compens\u00e9 aux Magritte 2016, laur\u00e9at du prix Jacques Deray, nomin\u00e9 aux C\u00e9sar&#8230;), il donne la r\u00e9plique \u00e0 Gilles Lelouche. Le r\u00f4le est modeste, mais \u00e7a n&rsquo;oblige pas \u00e0 le rester&#8230;<\/p>\n<p>Plus de mille prestations t\u00e9l\u00e9vis\u00e9es au compteur, d\u00e8s 1981, dans des \u00e9missions \u00e0 succ\u00e8s en compagnie d&rsquo;ic\u00f4nes de la tv belge : <strong>Lollipop<\/strong>, avec <strong>Philippe Geluck<\/strong> et la marionnette <strong>Malvira<\/strong>, alias <strong>Patrick Chaboud<\/strong> (nombreuses interventions de com\u00e9dien),<strong> Plein Jeu<\/strong>, en duo avec <strong>Arlette Vincent<\/strong> (quatre ann\u00e9es de direct quotidien sous la marionnette <strong>Chandel<\/strong>, qu&rsquo;il a sculpt\u00e9e), <strong>L&rsquo;Esprit de Famille<\/strong>, en tandem avec <strong>Philippe Geluck<\/strong> (l&rsquo;huissier de justice un peu f\u00eal\u00e9 <strong>Ma\u00eetre Ruban<\/strong>)&#8230;<\/p>\n<p>Cr\u00e9e, anime et co-sc\u00e9narise quotidiennement la marionnette vedette <strong>Bla-Bla<\/strong> dans Ici <strong>Bla-Bla<\/strong> (1994-1995). Anime la marionnette <strong>Samson,\u00a0<\/strong>qu&rsquo;il cr\u00e9e en version fran\u00e7aise dans l&rsquo;\u00e9mission <strong>Plopsa<\/strong>, diffus\u00e9e trois fois par jour, sept jour sur sept (2007).<\/p>\n<p>Citons encore le feuilleton<strong> La V\u00e9ritable Histoire de Malvira<\/strong> (il y fait vivre pas moins de huit marionnettes diff\u00e9rentes), la s\u00e9rie de dessins anim\u00e9s <strong>Quick et Flupke<\/strong>, d&rsquo;apr\u00e8s Herg\u00e9 (o\u00f9 il pr\u00eate sa voix entre autres \u00e0 l&rsquo;Agent 15), la s\u00e9rie de films d&rsquo;animation<strong> La minute du Chat<\/strong>, de Philippe Geluck (2011) (collaboration \u00e0 l&rsquo;\u00e9criture, voix de Dieu, du psy,&#8230;), ainsi que diff\u00e9rents spots et films publicitaires.<\/p>\n<p>Plus de trente ans de compagnonnage avec le <strong>Magic Land Th\u00e9\u00e2tre<\/strong>, le <strong>Tof Th\u00e9\u00e2te<\/strong> et d&rsquo;autres troupes l&rsquo;am\u00e8nent \u00e0 prendre part \u00e0 de nombreux spectacles et \u00e9v\u00e9nements en Belgique, France, Suisse, Qu\u00e9bec, Hollande, Allemagne&#8230;<\/p>\n<p>Revient enfin, d\u00e8s qu&rsquo;il en a l&rsquo;occasion \u00e0 ses premi\u00e8res amours, jamais abandonn\u00e9es : dessin, peinture, sculpture, caricature, portrait&#8230;<\/p>\n<p>[\/et_pb_text][et_pb_gallery admin_label=\u00a0\u00bbGalerie\u00a0\u00bb gallery_ids=\u00a0\u00bb2794,2796,542,536,618&Prime; fullwidth=\u00a0\u00bbon\u00a0\u00bb show_title_and_caption=\u00a0\u00bbon\u00a0\u00bb show_pagination=\u00a0\u00bbon\u00a0\u00bb background_layout=\u00a0\u00bblight\u00a0\u00bb auto=\u00a0\u00bboff\u00a0\u00bb hover_overlay_color=\u00a0\u00bbrgba(255,255,255,0.9)\u00a0\u00bb caption_all_caps=\u00a0\u00bboff\u00a0\u00bb use_border_color=\u00a0\u00bboff\u00a0\u00bb border_color=\u00a0\u00bb#ffffff\u00a0\u00bb border_style=\u00a0\u00bbsolid\u00a0\u00bb \/][\/et_pb_column][\/et_pb_row][\/et_pb_section]<\/p>\n","protected":false},"excerpt":{"rendered":"<p>Alain Perp\u00e8te Alain Perp\u00e8te est n\u00e9 \u00e0 Bruxelles le 27\/12\/55, il est acteur, marionnettiste, auteur et plasticien. Dans le film\u00a0L&rsquo;enqu\u00eate, de Vincent Garenq (r\u00e9compens\u00e9 aux Magritte 2016, laur\u00e9at du prix [&hellip;]<\/p>\n","protected":false},"author":2,"featured_media":0,"parent":0,"menu_order":0,"comment_status":"closed","ping_status":"closed","template":"","meta":{"_et_pb_use_builder":"on","_et_pb_old_content":"<p><strong>Alain Perp\u00e8te<\/strong> est n\u00e9 \u00e0 Bruxelles le 27\/12\/55, il est acteur, marionnettiste, auteur et plasticien.<\/p><p>Dans le film\u00a0<strong>L'enqu\u00eate<\/strong>, de <strong>Vincent Garenq<\/strong> (r\u00e9compens\u00e9 aux Magritte 2016, laur\u00e9at du prix Jacques Deray, nomin\u00e9 aux C\u00e9sar...), il donne la r\u00e9plique \u00e0 Gilles Lelouche. Le r\u00f4le est modeste, mais \u00e7a n'oblige pas \u00e0 le rester...<\/p><p>Plus de mille prestations t\u00e9l\u00e9vis\u00e9es au compteur, d\u00e8s 1981, dans des \u00e9missions \u00e0 succ\u00e8s en compagnie d'ic\u00f4nes de la tv belge : <strong>Lollipop<\/strong>, avec <strong>Philippe Geluck<\/strong> et la marionnette <strong>Malvira<\/strong>, alias <strong>Patrick Chaboud<\/strong> (nombreuses interventions de com\u00e9dien),<strong> Plein Jeu<\/strong>, en duo avec <strong>Arlette Vincent<\/strong> (quatre ann\u00e9es de direct quotidien sous la marionnette <strong>Chandel<\/strong>, qu'il a sculpt\u00e9e), <strong>L'Esprit de Famille<\/strong>, en tandem avec <strong>Philippe Geluck<\/strong> (l'huissier de justice un peu f\u00eal\u00e9 <strong>Ma\u00eetre Ruban<\/strong>)...<\/p><p>Cr\u00e9e, anime et co-sc\u00e9narise quotidiennement la marionnette vedette <strong>Bla-Bla<\/strong> dans Ici <strong>Bla-Bla<\/strong> (1994-1995). Anime la marionnette <strong>Samson,\u00a0<\/strong>qu'il cr\u00e9e en version fran\u00e7aise dans l'\u00e9mission <strong>Plopsa<\/strong>, diffus\u00e9e trois fois par jour, sept jour sur sept (2007).<\/p><p>Citons encore le feuilleton<strong> La V\u00e9ritable Histoire de Malvira<\/strong> (il y fait vivre pas moins de huit marionnettes diff\u00e9rentes), la s\u00e9rie de dessins anim\u00e9s <strong>Quick et Flupke<\/strong>, d'apr\u00e8s Herg\u00e9 (o\u00f9 il pr\u00eate sa voix entre autres \u00e0 l'Agent 15), la s\u00e9rie de films d'animation<strong> La minute du Chat<\/strong>, de Philippe Geluck (2011) (collaboration \u00e0 l'\u00e9criture, voix de Dieu, du psy,...), ainsi que diff\u00e9rents spots et films publicitaires.<\/p><p>Plus de trente ans de compagnonnage avec le <strong>Magic Land Th\u00e9\u00e2tre<\/strong>, le <strong>Tof Th\u00e9\u00e2te<\/strong> et d'autres troupes l'am\u00e8nent \u00e0 prendre part \u00e0 de nombreux spectacles et \u00e9v\u00e9nements en Belgique, France, Suisse, Qu\u00e9bec, Hollande, Allemagne...<\/p><p>Revient enfin, d\u00e8s qu'il en a l'occasion \u00e0 ses premi\u00e8res amours, jamais abandonn\u00e9es : dessin, peinture, sculpture, caricature, portrait...<\/p>","_et_gb_content_width":"","footnotes":""},"class_list":["post-2406","page","type-page","status-publish","hentry"],"yoast_head":"<!-- This site is optimized with the Yoast SEO plugin v26.6 - https:\/\/yoast.com\/wordpress\/plugins\/seo\/ -->\n<title>Alain Perp\u00e8te<\/title>\n<meta name=\"robots\" content=\"index, follow, max-snippet:-1, max-image-preview:large, max-video-preview:-1\" \/>\n<link rel=\"canonical\" href=\"https:\/\/www.magicland-theatre.com\/wordpress\/alain-perpete\/\" \/>\n<meta property=\"og:locale\" content=\"fr_FR\" \/>\n<meta property=\"og:type\" content=\"article\" \/>\n<meta property=\"og:title\" content=\"Alain Perp\u00e8te\" \/>\n<meta property=\"og:url\" content=\"https:\/\/www.magicland-theatre.com\/wordpress\/alain-perpete\/\" \/>\n<meta property=\"og:site_name\" content=\"Le Magic Land Th\u00e9\u00e2tre\" \/>\n<meta property=\"article:publisher\" content=\"https:\/\/www.facebook.com\/magicland.mlt\/\" \/>\n<meta property=\"article:modified_time\" content=\"2016-06-20T16:35:23+00:00\" \/>\n<meta property=\"og:image\" content=\"https:\/\/www.magicland-theatre.com\/wordpress\/wp-content\/uploads\/2013\/05\/logo-debout.jpg\" \/>\n\t<meta property=\"og:image:width\" content=\"591\" \/>\n\t<meta property=\"og:image:height\" content=\"843\" \/>\n\t<meta property=\"og:image:type\" content=\"image\/jpeg\" \/>\n<meta name=\"twitter:card\" content=\"summary_large_image\" \/>\n<meta name=\"twitter:site\" content=\"@MagicLandMlt\" \/>\n<meta name=\"twitter:label1\" content=\"Dur\u00e9e de lecture estim\u00e9e\" \/>\n\t<meta name=\"twitter:data1\" content=\"2 minutes\" \/>\n<script type=\"application\/ld+json\" class=\"yoast-schema-graph\">{\"@context\":\"https:\/\/schema.org\",\"@graph\":[{\"@type\":\"WebPage\",\"@id\":\"https:\/\/www.magicland-theatre.com\/wordpress\/alain-perpete\/\",\"url\":\"https:\/\/www.magicland-theatre.com\/wordpress\/alain-perpete\/\",\"name\":\"Alain Perp\u00e8te\",\"isPartOf\":{\"@id\":\"https:\/\/www.magicland-theatre.com\/wordpress\/#website\"},\"datePublished\":\"2016-05-03T18:45:36+00:00\",\"dateModified\":\"2016-06-20T16:35:23+00:00\",\"breadcrumb\":{\"@id\":\"https:\/\/www.magicland-theatre.com\/wordpress\/alain-perpete\/#breadcrumb\"},\"inLanguage\":\"fr-FR\",\"potentialAction\":[{\"@type\":\"ReadAction\",\"target\":[\"https:\/\/www.magicland-theatre.com\/wordpress\/alain-perpete\/\"]}]},{\"@type\":\"BreadcrumbList\",\"@id\":\"https:\/\/www.magicland-theatre.com\/wordpress\/alain-perpete\/#breadcrumb\",\"itemListElement\":[{\"@type\":\"ListItem\",\"position\":1,\"name\":\"Homepage\",\"item\":\"https:\/\/www.magicland-theatre.com\/wordpress\/\"},{\"@type\":\"ListItem\",\"position\":2,\"name\":\"Alain Perp\u00e8te\"}]},{\"@type\":\"WebSite\",\"@id\":\"https:\/\/www.magicland-theatre.com\/wordpress\/#website\",\"url\":\"https:\/\/www.magicland-theatre.com\/wordpress\/\",\"name\":\"Le Magic Land Th\u00e9\u00e2tre\",\"description\":\"Une seule devise : le rire !\",\"publisher\":{\"@id\":\"https:\/\/www.magicland-theatre.com\/wordpress\/#organization\"},\"potentialAction\":[{\"@type\":\"SearchAction\",\"target\":{\"@type\":\"EntryPoint\",\"urlTemplate\":\"https:\/\/www.magicland-theatre.com\/wordpress\/?s={search_term_string}\"},\"query-input\":{\"@type\":\"PropertyValueSpecification\",\"valueRequired\":true,\"valueName\":\"search_term_string\"}}],\"inLanguage\":\"fr-FR\"},{\"@type\":\"Organization\",\"@id\":\"https:\/\/www.magicland-theatre.com\/wordpress\/#organization\",\"name\":\"Le Magic Land Th\u00e9\u00e2tre\",\"url\":\"https:\/\/www.magicland-theatre.com\/wordpress\/\",\"logo\":{\"@type\":\"ImageObject\",\"inLanguage\":\"fr-FR\",\"@id\":\"https:\/\/www.magicland-theatre.com\/wordpress\/#\/schema\/logo\/image\/\",\"url\":\"https:\/\/www.magicland-theatre.com\/wordpress\/wp-content\/uploads\/2013\/05\/logo-debout.jpg\",\"contentUrl\":\"https:\/\/www.magicland-theatre.com\/wordpress\/wp-content\/uploads\/2013\/05\/logo-debout.jpg\",\"width\":591,\"height\":843,\"caption\":\"Le Magic Land Th\u00e9\u00e2tre\"},\"image\":{\"@id\":\"https:\/\/www.magicland-theatre.com\/wordpress\/#\/schema\/logo\/image\/\"},\"sameAs\":[\"https:\/\/www.facebook.com\/magicland.mlt\/\",\"https:\/\/x.com\/MagicLandMlt\",\"https:\/\/www.instagram.com\/magiclandtheatre\/\",\"https:\/\/www.linkedin.com\/in\/magic-land-thtre-35a04a6a?trk=hp-identity-name\",\"https:\/\/www.youtube.com\/channel\/UCh1EgBwX4wwlnXsK4xQXBEw\"]}]}<\/script>\n<!-- \/ Yoast SEO plugin. -->","yoast_head_json":{"title":"Alain Perp\u00e8te","robots":{"index":"index","follow":"follow","max-snippet":"max-snippet:-1","max-image-preview":"max-image-preview:large","max-video-preview":"max-video-preview:-1"},"canonical":"https:\/\/www.magicland-theatre.com\/wordpress\/alain-perpete\/","og_locale":"fr_FR","og_type":"article","og_title":"Alain Perp\u00e8te","og_url":"https:\/\/www.magicland-theatre.com\/wordpress\/alain-perpete\/","og_site_name":"Le Magic Land Th\u00e9\u00e2tre","article_publisher":"https:\/\/www.facebook.com\/magicland.mlt\/","article_modified_time":"2016-06-20T16:35:23+00:00","og_image":[{"width":591,"height":843,"url":"https:\/\/www.magicland-theatre.com\/wordpress\/wp-content\/uploads\/2013\/05\/logo-debout.jpg","type":"image\/jpeg"}],"twitter_card":"summary_large_image","twitter_site":"@MagicLandMlt","twitter_misc":{"Dur\u00e9e de lecture estim\u00e9e":"2 minutes"},"schema":{"@context":"https:\/\/schema.org","@graph":[{"@type":"WebPage","@id":"https:\/\/www.magicland-theatre.com\/wordpress\/alain-perpete\/","url":"https:\/\/www.magicland-theatre.com\/wordpress\/alain-perpete\/","name":"Alain Perp\u00e8te","isPartOf":{"@id":"https:\/\/www.magicland-theatre.com\/wordpress\/#website"},"datePublished":"2016-05-03T18:45:36+00:00","dateModified":"2016-06-20T16:35:23+00:00","breadcrumb":{"@id":"https:\/\/www.magicland-theatre.com\/wordpress\/alain-perpete\/#breadcrumb"},"inLanguage":"fr-FR","potentialAction":[{"@type":"ReadAction","target":["https:\/\/www.magicland-theatre.com\/wordpress\/alain-perpete\/"]}]},{"@type":"BreadcrumbList","@id":"https:\/\/www.magicland-theatre.com\/wordpress\/alain-perpete\/#breadcrumb","itemListElement":[{"@type":"ListItem","position":1,"name":"Homepage","item":"https:\/\/www.magicland-theatre.com\/wordpress\/"},{"@type":"ListItem","position":2,"name":"Alain Perp\u00e8te"}]},{"@type":"WebSite","@id":"https:\/\/www.magicland-theatre.com\/wordpress\/#website","url":"https:\/\/www.magicland-theatre.com\/wordpress\/","name":"Le Magic Land Th\u00e9\u00e2tre","description":"Une seule devise : le rire !","publisher":{"@id":"https:\/\/www.magicland-theatre.com\/wordpress\/#organization"},"potentialAction":[{"@type":"SearchAction","target":{"@type":"EntryPoint","urlTemplate":"https:\/\/www.magicland-theatre.com\/wordpress\/?s={search_term_string}"},"query-input":{"@type":"PropertyValueSpecification","valueRequired":true,"valueName":"search_term_string"}}],"inLanguage":"fr-FR"},{"@type":"Organization","@id":"https:\/\/www.magicland-theatre.com\/wordpress\/#organization","name":"Le Magic Land Th\u00e9\u00e2tre","url":"https:\/\/www.magicland-theatre.com\/wordpress\/","logo":{"@type":"ImageObject","inLanguage":"fr-FR","@id":"https:\/\/www.magicland-theatre.com\/wordpress\/#\/schema\/logo\/image\/","url":"https:\/\/www.magicland-theatre.com\/wordpress\/wp-content\/uploads\/2013\/05\/logo-debout.jpg","contentUrl":"https:\/\/www.magicland-theatre.com\/wordpress\/wp-content\/uploads\/2013\/05\/logo-debout.jpg","width":591,"height":843,"caption":"Le Magic Land Th\u00e9\u00e2tre"},"image":{"@id":"https:\/\/www.magicland-theatre.com\/wordpress\/#\/schema\/logo\/image\/"},"sameAs":["https:\/\/www.facebook.com\/magicland.mlt\/","https:\/\/x.com\/MagicLandMlt","https:\/\/www.instagram.com\/magiclandtheatre\/","https:\/\/www.linkedin.com\/in\/magic-land-thtre-35a04a6a?trk=hp-identity-name","https:\/\/www.youtube.com\/channel\/UCh1EgBwX4wwlnXsK4xQXBEw"]}]}},"_links":{"self":[{"href":"https:\/\/www.magicland-theatre.com\/wordpress\/wp-json\/wp\/v2\/pages\/2406","targetHints":{"allow":["GET"]}}],"collection":[{"href":"https:\/\/www.magicland-theatre.com\/wordpress\/wp-json\/wp\/v2\/pages"}],"about":[{"href":"https:\/\/www.magicland-theatre.com\/wordpress\/wp-json\/wp\/v2\/types\/page"}],"author":[{"embeddable":true,"href":"https:\/\/www.magicland-theatre.com\/wordpress\/wp-json\/wp\/v2\/users\/2"}],"replies":[{"embeddable":true,"href":"https:\/\/www.magicland-theatre.com\/wordpress\/wp-json\/wp\/v2\/comments?post=2406"}],"version-history":[{"count":5,"href":"https:\/\/www.magicland-theatre.com\/wordpress\/wp-json\/wp\/v2\/pages\/2406\/revisions"}],"predecessor-version":[{"id":3005,"href":"https:\/\/www.magicland-theatre.com\/wordpress\/wp-json\/wp\/v2\/pages\/2406\/revisions\/3005"}],"wp:attachment":[{"href":"https:\/\/www.magicland-theatre.com\/wordpress\/wp-json\/wp\/v2\/media?parent=2406"}],"curies":[{"name":"wp","href":"https:\/\/api.w.org\/{rel}","templated":true}]}}